it of 37689049?
9
What is the ten millions digit of 183017189?
8
What is the ten millions digit of 20084207?
2
What is the hundreds digit of 144396587?
5
What is the ten millions digit of 119006851?
1
What is the ten millions digit of 166064117?
6
What is the millions digit of 592696450?
2
What is the ten millions digit of 841034967?
4
What is the ten thousands digit of 42542796?
4
What is the hundred millions digit of 3594268430?
5
What is the billions digit of 1464777460?
1
What is the units digit of 46040673?
3
What is the hundred thousands digit of 423278902?
2
What is the hundred thousands digit of 301284390?
2
What is the hundred millions digit of 1285526851?
2
What is the thousands digit of 1935857374?
7
What is the tens digit of 34493686?
8
What is the units digit of 85244520?
0
What is the hundreds digit of 46906351?
3
What is the tens digit of 658688129?
2
What is the ten thousands digit of 21815518?
1
What is the billions digit of 1803009041?
1
What is the ten thousands digit of 92468929?
6
What is the units digit of 67322431?
1
What is the ten millions digit of 223682941?
2
What is the ten thousands digit of 40019791?
1
What is the hundred millions digit of 198704487?
1
What is the tens digit of 174580418?
1
What is the thousands digit of 41580691?
0
What is the hundred thousands digit of 16875626?
8
What is the millions digit of 520570200?
0
What is the tens digit of 187127729?
2
What is the ten thousands digit of 1742346626?
4
What is the ten thousands digit of 9668146?
6
What is the units digit of 364136840?
0
What is the hundred thousands digit of 62710641?
7
What is the millions digit of 10050406?
0
What is the thousands digit of 114908371?
8
What is the thousands digit of 854970126?
0
What is the ten thousands digit of 747765875?
6
What is the tens digit of 351339435?
3
What is the hundreds digit of 620810453?
4
What is the hundred thousands digit of 290868563?
8
What is the ten millions digit of 150312013?
5
What is the millions digit of 178836320?
8
What is the hundreds digit of 1546541546?
5
What is the thousands digit of 1505260595?
0
What is the thousands digit of 26847728?
7
What is the tens digit of 3612934817?
1
What is the units digit of 107490352?
2
What is the thousands digit of 3092024369?
4
What is the millions digit of 222364957?
2
What is the millions digit of 27082389?
7
What is the thousands digit of 708145055?
5
What is the tens digit of 627540169?
6
What is the hundred thousands digit of 2954367167?
3
What is the hundreds digit of 832799144?
1
What is the tens digit of 65375813?
1
What is the thousands digit of 1954255657?
5
What is the billions digit of 1813392129?
1
What is the thousands digit of 7985499?
5
What is the tens digit of 179561640?
4
What is the tens digit of 786565431?
3
What is the tens digit of 4449842710?
1
What is the thousands digit of 717343477?
3
What is the millions digit of 41418062?
1
What is the ten millions digit of 2170309138?
7
What is the hundreds digit of 1755117784?
7
What is the hundred thousands digit of 2649982863?
9
What is the hundred millions digit of 478121781?
4
What is the millions digit of 49009135?
9
What is the ten thousands digit of 233802783?
0
What is the ten thousands digit of 815139847?
3
What is the ten thousands digit of 509811437?
1
What is the thousands digit of 4422243062?
3
What is the thousands digit of 878947415?
7
What is the ten millions digit of 75079017?
7
What is the millions digit of 2191907786?
1
What is the thousands digit of 12307631?
7
What is the tens digit of 168562204?
0
What is the hundred thousands digit of 47156615?
1
What is the millions digit of 9504991?
9
What is the units digit of 1402781324?
4
What is the millions digit of 92965343?
2
What is the ten millions digit of 1126412391?
2
What is the units digit of 131005295?
5
What is the tens digit of 6802552531?
3
What is the thousands digit of 139920602?
0
What is the hundreds digit of 118921592?
5
What is the units digit of 89709648?
8
What is the hundred millions digit of 324289604?
3
What is the ten millions digit of 219566490?
1
What is the hundred thousands digit of 444832530?
8
What is the tens digit of 27280213?
1
What is the thousands digit of 198650089?
0
What is the units digit of 38132106?
6
What is the billions digit of 1081103044?
1
What is the ten thousands digit of 983848892?
4
What is the hundred thousands digit of 63732237?
7
What is the tens digit of 29382099?
9
What is the units digit of 1214205330?
0
What is the ten thousands digit of 557442647?
4
What is the thousands digit of 328555272?
5
What is the hundred thousands digit of 1053787838?
7
What is the ten millions digit of 250543429?
5
What is the millions digit of 797538439?
7
What is the units digit of 1231011708?
8
What is the tens digit of 673434960?
6
What is the ten millions digit of 2190593533?
9
What is the tens digit of 622784371?
7
What is the millions digit of 5101499186?
1
What is the ten thousands digit of 433699313?
9
What is the hundreds digit of 789287222?
2
What is the thousands digit of 826060097?
0
What is the hundreds digit of 91231194?
1
What is the ten millions digit of 435286012?
3
What is the millions digit of 1109607471?
9
What is the tens digit of 68448878?
7
What is the ten thousands digit of 2952278041?
7
What is the tens digit of 1357176676?
7
What is the hundreds digit of 5722805803?
8
What is the ten thousands digit of 521666434?
6
What is the millions digit of 444549003?
4
What is the units digit of 115409172?
2
What is the units digit of 717692620?
0
What is the ten millions digit of 11690472?
1
What is the hundreds digit of 141877319?
3
What is the ten thousands digit of 693768615?
6
What is the billions digit of 4674347165?
4
What is the units digit of 39944050?
0
What is the units digit of 5422688629?
9
What is the ten thousands digit of 3620659842?
5
What is the billions digit of 1336951660?
1
What is the ten millions digit of 687421111?
8
What is the ten millions digit of 62101756?
6
What is the ten thousands digit of 3903063257?
6
What is the ten thousands digit of 723043321?
4
What is the ten thousands digit of 338663068?
6
What is the ten thousands digit of 190954797?
5
What is the thousands digit of 310395244?
5
What is the ten millions digit of 69397235?
6
What is the hundred thousands digit of 333222742?
2
What is the units digit of 386563707?
7
What is the units digit of 34640940?
0
What is the hundred millions digit of 204874906?
2
What is the millions digit of 906506490?
6
What is the ten thousands digit of 36312184?
1
What is the ten thousands digit of 294734241?
3
What is the millions digit of 2615375519?
5
What is the thousands digit of 1563746489?
6
What is the hundred millions digit of 643599929?
6
What is the ten millions digit of 356605036?
5
What is the hundreds digit of 139083629?
6
What is the hundred thousands digit of 164175494?
1
What is the ten thousands digit of 241895820?
9
What is the units digit of 6009136?
6
What is the hundred thousands digit of 54873151?
8
What is the thousands digit of 23414513?
4
What is the ten thousands digit of 22932553?
3
What is the thousands digit of 2081205143?
5
What is the thousands digit of 38639709?
9
What is the hundreds digit of 24664041?
0
What is the ten millions digit of 2109203342?
0
What is the tens digit of 394977577?
7
What is the hundred millions digit of 1977399128?
9
What is the ten thousands digit of 45205832?
0
What is the thousands digit of 538253351?
3
What is the thousands digit of 28818565?
8
What is the thousands digit of 2293804946?
4
What is the millions digit of 1684732693?
4
What is the ten thousands digit of 259697088?
9
What is the hundred millions digit of 1820079821?
8
What is the hundred millions digit of 697886585?
6
What is the ten millions digit of 108175108?
0
What is the hundreds digit of 59904748?
7
What is the tens digit of 308670301?
0
What is the thousands digit of 3752307219?
7
What is the ten millions digit of 2786566502?
8
What is the hundred thousands digit of 79047139?
0
What is the billions digit of 3786733419?
3
What is the ten thousands digit of 2293709268?
0
What is the tens digit of 1140133992?
9
What is the thousands digit of 70159978?
9
What is the millions digi